 k be 20/(-15) - 7/(-3). List the prime factors of 4774/84 - k/(-6).
3, 19
Suppose 0 = 2*h + 10*h - 3216. List the prime factors of h.
2, 67
Suppose -512 = 285*m - 286*m. What are the prime factors of m?
2
Suppose 3577 = 2*v - z, -v + 8*z - 9*z = -1796. Suppose 8*w = v - 287. List the prime factors of w.
2, 47
Let v(o) = 2*o**3 - 6*o**3 - 14*o - 11*o**2 + 0 - 11 + 3*o**3. Let n be v(-9). What are the prime factors of n/(-5) - (-21)/35?
2, 5
Let r = -7 + 9. Suppose w - 22 = 4*j, -22 = -r*w - w + j. Let o(a) = 3*a + 4. List the prime factors of o(w).
2, 11
Let q(o) = 14*o**2 - 10*o - 50. What are the prime factors of q(-8)?
2, 463
Suppose 0 = 5*q + 3*g - 1327, -2*g - 198 = 2*q - 732. Suppose -m + 1076 = 4*s + 3*m, -m - q = -s. What are the prime factors of s?
2, 7, 19
Suppose 13 = 4*m + 5. Let l be 2/(6 - 3 - m). Suppose -l*r + 45 = 3*r. What are the prime factors of r?
3
Suppose 2*s = -8, 105 = x - 5*s - 288. List the prime factors of x.
373
Suppose 2172 = 124*s - 118*s. What are the prime factors of s?
2, 181
Let t be 0 + (4 + -1)/(-3). Let x be ((-7)/(21/6))/t. Suppose -x*y = -4*y - 3*f + 61, -4*y = 2*f - 142. What are the prime factors of y?
2, 19
Let p = 1073 + -414. Suppose 6*v + 2*y - 217 = 5*v, -3*v + p = 2*y. List the prime factors of v.
13, 17
Let n(a) = -a**2 - 9*a + 3. Let i be (-10)/(-2) - (-4)/(-2). Let g be (0 - 5) + i/(-1). What are the prime factors of n(g)?
11
Suppose 6*s = 25*s - 8094. What are the prime factors of s?
2, 3, 71
Suppose 11160 = 11*c + 13*c. List the prime factors of c.
3, 5, 31
List the prime factors of (-9)/((-324)/9800) - 14/63.
2, 17
Let g(b) = -b**3 - 5*b**2 + 7*b + 9. Let m be g(-6). What are the prime factors of (-1)/m*3 + 3 + 28?
2, 3, 5
Suppose -5*g + 623 = 4*a, -2*a + 45*g - 46*g = -313. List the prime factors of a.
157
Let t = -2242 - -3491. List the prime factors of t.
1249
Let m = -26 - -40. Suppose 5*r - m = 306. What are the prime factors of r?
2
Suppose -5*h + 0*h = -35. Suppose h*q = 5*q + 14. Suppose -14 - q = -p. What are the prime factors of p?
3, 7
Let r be 0/(-6) - (1 + 0). Let d be 6/2*(2 - r). List the prime factors of -30*(-6)/d - 2.
2, 3
Suppose -4*v = -y - 56, -5*v - 224 = 4*y - 3*v. List the prime factors of (y/(-10) - -1)*5.
3, 11
Suppose -3*h + 8 = -7*h + 2*z, 0 = h - z + 4. Suppose 9*p - 11*p + 248 = h. List the prime factors of p.
2, 31
Let u(w) = w**3 - 13*w**2 + 12*w + 2. Let m be u(12). Suppose -t - 3 + 7 = 0, -t + 314 = m*l. What are the prime factors of l?
5, 31
Let b(q) = q**3 + 11*q**2 + 2*q - 19. Let p be ((-60)/(-25))/((-18)/60). List the prime factors of b(p).
157
Let q(x) = x + 7. Let a be q(0). Suppose 250 = -2*r + a*r. Let f = -32 + r. What are the prime factors of f?
2, 3
Suppose -3*b - 557 = -d, 0*d + 549 = d + b. What are the prime factors of d?
19, 29
Let h(n) = n**3 - 2*n**2 - 28. Let l be h(0). What are the prime factors of (-6444)/l + 1/(-7)?
2, 5, 23
Let l(c) = c**2 - 24*c + 98. What are the prime factors of l(37)?
3, 193
Let i(g) = g**2 - 10*g + 20. Let c be i(8). Suppose -z = -c*z + 30. Suppose 0 = -2*s + z, -4*s = 2*v - v - 94. What are the prime factors of v?
2, 37
Let h(f) = 3*f**3 - 11*f**2 + 3*f + 11. Let i(c) = 8*c**3 - 32*c**2 + 8*c + 34. Let p(n) = -11*h(n) + 4*i(n). What are the prime factors of p(-9)?
2, 3, 31
Suppose 3*g + 55 = a, -g - 9 = -14. List the prime factors of a.
2, 5, 7
Let w be (5/(-3) + 1)*69/(-46). What are the prime factors of (232 - (4 + w)) + -5?
2, 3, 37
Suppose -229 - 28 = -v. What are the prime factors of v?
257
Suppose 1 = a, -55*r = -52*r + 3*a + 114. Suppose 2*l + 3*l + 3*j - 83 = 0, 4*j = 2*l - 28. Let i = l - r. What are the prime factors of i?
5, 11
Suppose -4*q = -5*q. Suppose -5*r + 6 = 2*z - 5, 2*z + 3*r - 17 = q. Suppose z + 50 = 3*l. What are the prime factors of l?
3, 7
Let b = -79 - -84. Suppose -b*t = q - 95, 0 = -0*q + q - t - 119. What are the prime factors of q?
5, 23
Suppose -4*f - f = 3*y + 118, 3*y + 114 = -3*f. Let n = y + 55. List the prime factors of n.
19
Let y = 90 - -57. Let i = -77 + y. What are the prime factors of i?
2, 5, 7
Let c(j) = 5 - 6 - 3 - 8*j. List the prime factors of c(-5).
2, 3
Let t(a) = 9*a**2 - 12*a - 78. What are the prime factors of t(17)?
3, 773
Let y(i) = -50*i**2 - 1. Let p be y(1). Let u = p - -93. Let q = -25 + u. What are the prime factors of q?
17
Let n(l) = 21*l**2 + 9*l + 47. List the prime factors of n(-10).
11, 17
What are the prime factors of (3 - 5)/((-4)/(-34))*-367?
17, 367
Suppose o - 1775 = -9*d + 5*d, o + 5*d - 1775 = 0. List the prime factors of o.
5, 71
Let k = 371 + -18. List the prime factors of k.
353
Let p(k) = k - 6. Let v be p(-5). Let h = v - -6. Let y(c) = -4*c - 1. List the prime factors of y(h).
19
Let n(v) = 115*v + 240. What are the prime factors of n(6)?
2, 3, 5, 31
Let w = -21 + 13. Let t = w - -13. Let p(h) = -2*h**2 + 11*h + 7. What are the prime factors of p(t)?
2, 3
Suppose -22 = -5*i - 4*y, -3*i - 3 + 12 = y. Suppose -10 = -i*c, 2*k - 2*c - 67 = -3*c. List the prime factors of k.
31
Suppose 2 = -2*y + 4*a - 2, 2*a = -5*y + 2. Suppose y*v = -v. What are the prime factors of (-6)/(-3 + 1 - v)?
3
Let u = 27 + -21. Let k = -426 - -251. What are the prime factors of 4/u + k/(-21)?
3
Let r = 142 - -842. What are the prime factors of r?
2, 3, 41
Let k(u) = u**3 - 4*u**2 + 3*u - 6. Suppose -q - 3*t + 9 = 0, -2 - 6 = -4*t. Let i be k(q). What are the prime factors of i/14 - (-975)/21?
2, 23
Let u be (-5)/(-15) - 34/(-6). Let a be (-4)/u - 634/(-6). Suppose -29 + 8 = -n + 3*p, 5*n + 5*p = a. List the prime factors of n.
3, 7
Suppose 0 = -5*o + 10. Let k = 48 + o. List the prime factors of k.
2, 5
Let a(j) = 10*j - j**3 - 6 - 5 + 56*j**2 + 2 - 43*j**2. Let s be a(12). Suppose -i + 6*i - s = 0. List the prime factors of i.
3, 17
Let f(i) = -3*i**2 - 9*i - 1. Let k be f(-9). Let o = -88 - k. List the prime factors of o.
3, 5
Let f = 31 - 29. Suppose 0*p + 2*i = -p + 35, 70 = f*p - i. List the prime factors of p.
5, 7
Let w(y) = 11*y - 47. What are the prime factors of w(30)?
283
Suppose 2*u - 1057 = m + 425, -5*u - 5*m = -3675. List the prime factors of u.
739
Let u(v) = -v**3 - 45*v**2 + 35*v + 36. List the prime factors of u(-47).
53
Let n(i) = 13*i + 7. Let d be n(4). Suppose -z = -d - 2. List the prime factors of z.
61
Let t(a) be the first derivative of 29*a**2/2 - 9*a + 4. List the prime factors of t(5).
2, 17
Let o(y) = y**3 + 4*y**2 + 2*y - 2. Let s be o(-3). List the prime factors of -7 + 8 - (s + -44).
2, 11
Suppose -h + 5253 = 2*p + 351, -2*h + 8 = 0. What are the prime factors of p?
31, 79
Let o(r) = 2*r - 2. Let d be o(2). Let n be 2 - (-1 - d) - 3. Let k(u) = 7*u**2 - u - 2. List the prime factors of k(n).
2, 3
Let v = -47 + 48. What are the prime factors of (-4 - v)*142/(-10)?
71
Let d be 1*(-1)/7 - (-88610)/(-70). List the prime factors of (d/9)/(-2) + (-6)/18.
2, 5, 7
Suppose 15*k = 804 + 1011. List the prime factors of k.
11
Let k = 804 + -384. List the prime factors of k.
2, 3, 5, 7
Suppose -3*r + 22 = -4*r. Let j be (-73 + -1)*((-68)/(-8))/(-17). Let p = j + r. What are the prime factors of p?
3, 5
Suppose 3 = v + 6, 5*y + 2*v - 4 = 0. Let s(d) = -d**2 + 1. Let f(q) = q**2 - 4*q. Let t(h) = -f(h) - 3*s(h). List the prime factors of t(y).
13
Let m(q) = -8*q - 77. Let x be m(-10). Suppose 2*z = -2*z. Suppose -k = d - 9 + x, z = d - 2*k - 12. What are the prime factors of d?
2
Let c(x) = -11*x + 22. Let g be c(-9). Let r = g + -78. What are the prime factors of r?
43
Suppose 3*j - 6*j + 4*i = -41, -i = -5*j + 57. List the prime factors of j.
11
Let t be ((-48)/(-56))/((-1)/(-35)). Suppose t*r = 27*r. Suppose 5*m - m = 2*v + 104, -m - 5*v + 48 = r. What are the prime factors of m?
2, 7
Suppose -3*n = -n - 22. List the prime factors of (-16)/28 - -15*n/7.
23
Let p(v) = v**3 + 15*v**2 + 11*v - 12. Let d(n) = -n**2 - 8*n + 8. Let j be d(-6). Let q be (-2)/(j/(-7) - -3). List the prime factors of p(q).
2, 3, 5
Suppose -62 = 14*z - 15*z. What are the prime factors of z?
2, 31
Suppose 0 = 9*i + 3 - 705. Suppose -b + 0*r = -3*r - 58, 4*b + 2*r = 288. Suppose 4*v - b = i. List the prime factors of v.
37
Suppose -5*q + 4*w = -40, -4*w + 27 = 3*q - 7*w. Suppose 117 = q*h - 83. List the prime factors of h.
2, 5
What are the prime factors of 0 + (-8